{"id":332,"date":"2022-06-20T19:01:43","date_gmt":"2022-06-20T17:01:43","guid":{"rendered":"https:\/\/shakakiteschool.com\/?page_id=332"},"modified":"2022-08-12T15:58:22","modified_gmt":"2022-08-12T13:58:22","slug":"logements","status":"publish","type":"page","link":"https:\/\/shakakiteschool.com\/index.php\/logements\/","title":{"rendered":"LOGEMENTS"},"content":{"rendered":"\n<ul class=\"wp-block-list\"><li>MAISON 6 VOYAGEURS CAMPAGNE 15 MIN SHAKAKITESCHOOL<\/li><li>APPARTEMENT 6 VOYAGEURS VILLE 10 MIN SHAKAKITESCHOOL<\/li><li>MAISON 6 VOYAGEURS MER 20 MIN SHAKAKITESCHOOL<\/li><\/ul>\n\n\n\n<p><\/p>\n\n\n\n<h2 class=\"wp-block-heading\">&#8211;<strong>Maison 6 voyageurs 3 chambres.<\/strong><\/h2>\n\n\n\n<p><strong>Un endroit reposant \u00e0 15 minutes de Shakakiteschool<\/strong><\/p>\n\n\n\n<p>Belle maison ind\u00e9pendante sur grand terrain \u00e0 la campagne dans un petit village paisible , Ce logement paisible offre un s\u00e9jour d\u00e9tente pour toute la famille. proximit\u00e9 des stations baln\u00e9aires avec plages, les dunes , les for\u00eats le tout \u00e0 proximit\u00e9 des ville de boulogne du touquet , hardelot .la cote d&rsquo;opale et ses nombreuses activit\u00e9s kite surf , surf , p\u00eache en mer , accrobranche, char \u00e0 voile , balade dans les dunes Etc <\/p>\n\n\n\n<div class=\"wp-block-columns is-layout-flex wp-container-core-columns-is-layout-28f84493 wp-block-columns-is-layout-flex\">\n<div class=\"wp-block-column is-layout-flow wp-block-column-is-layout-flow\">\n<figure class=\"wp-block-image size-large is-resized\"><img loading=\"lazy\" decoding=\"async\" src=\"https:\/\/shakakiteschool.com\/wp-content\/uploads\/2022\/06\/288852957_365218995517691_6897081497208268085_n-3-1024x1024.jpg\" alt=\"\" class=\"wp-image-352\" width=\"433\" height=\"433\" srcset=\"https:\/\/shakakiteschool.com\/wp-content\/uploads\/2022\/06\/288852957_365218995517691_6897081497208268085_n-3-1024x1024.jpg 1024w, https:\/\/shakakiteschool.com\/wp-content\/uploads\/2022\/06\/288852957_365218995517691_6897081497208268085_n-3-300x300.jpg 300w, https:\/\/shakakiteschool.com\/wp-content\/uploads\/2022\/06\/288852957_365218995517691_6897081497208268085_n-3-150x150.jpg 150w, https:\/\/shakakiteschool.com\/wp-content\/uploads\/2022\/06\/288852957_365218995517691_6897081497208268085_n-3-768x768.jpg 768w, https:\/\/shakakiteschool.com\/wp-content\/uploads\/2022\/06\/288852957_365218995517691_6897081497208268085_n-3-1536x1536.jpg 1536w, https:\/\/shakakiteschool.com\/wp-content\/uploads\/2022\/06\/288852957_365218995517691_6897081497208268085_n-3-2048x2048.jpg 2048w\" sizes=\"auto, (max-width: 433px) 100vw, 433px\" \/><\/figure>\n<\/div>\n\n\n\n<div class=\"wp-block-column is-layout-flow wp-block-column-is-layout-flow\">\n<figure class=\"wp-block-image size-large is-resized\"><img loading=\"lazy\" decoding=\"async\" src=\"https:\/\/shakakiteschool.com\/wp-content\/uploads\/2022\/06\/277615066_4949715125064843_2565469003629336038_n-1-1024x1024.jpg\" alt=\"\" class=\"wp-image-353\" width=\"432\" height=\"432\" srcset=\"https:\/\/shakakiteschool.com\/wp-content\/uploads\/2022\/06\/277615066_4949715125064843_2565469003629336038_n-1-1024x1024.jpg 1024w, https:\/\/shakakiteschool.com\/wp-content\/uploads\/2022\/06\/277615066_4949715125064843_2565469003629336038_n-1-300x300.jpg 300w, https:\/\/shakakiteschool.com\/wp-content\/uploads\/2022\/06\/277615066_4949715125064843_2565469003629336038_n-1-150x150.jpg 150w, https:\/\/shakakiteschool.com\/wp-content\/uploads\/2022\/06\/277615066_4949715125064843_2565469003629336038_n-1-768x768.jpg 768w, https:\/\/shakakiteschool.com\/wp-content\/uploads\/2022\/06\/277615066_4949715125064843_2565469003629336038_n-1-1536x1536.jpg 1536w, https:\/\/shakakiteschool.com\/wp-content\/uploads\/2022\/06\/277615066_4949715125064843_2565469003629336038_n-1-2048x2048.jpg 2048w\" sizes=\"auto, (max-width: 432px) 100vw, 432px\" \/><\/figure>\n<\/div>\n<\/div>\n\n\n\n<div class=\"wp-block-columns is-layout-flex wp-container-core-columns-is-layout-28f84493 wp-block-columns-is-layout-flex\">\n<div class=\"wp-block-column is-layout-flow wp-block-column-is-layout-flow\">\n<figure class=\"wp-block-image size-large is-resized\"><img loading=\"lazy\" decoding=\"async\" src=\"https:\/\/shakakiteschool.com\/wp-content\/uploads\/2022\/06\/289058793_2724354061033214_8310335147651323375_n-2-768x1024.jpg\" alt=\"\" class=\"wp-image-354\" width=\"433\" height=\"577\" srcset=\"https:\/\/shakakiteschool.com\/wp-content\/uploads\/2022\/06\/289058793_2724354061033214_8310335147651323375_n-2-768x1024.jpg 768w, https:\/\/shakakiteschool.com\/wp-content\/uploads\/2022\/06\/289058793_2724354061033214_8310335147651323375_n-2-225x300.jpg 225w, https:\/\/shakakiteschool.com\/wp-content\/uploads\/2022\/06\/289058793_2724354061033214_8310335147651323375_n-2-1152x1536.jpg 1152w, https:\/\/shakakiteschool.com\/wp-content\/uploads\/2022\/06\/289058793_2724354061033214_8310335147651323375_n-2-1536x2048.jpg 1536w, https:\/\/shakakiteschool.com\/wp-content\/uploads\/2022\/06\/289058793_2724354061033214_8310335147651323375_n-2-scaled.jpg 1920w\" sizes=\"auto, (max-width: 433px) 100vw, 433px\" \/><\/figure>\n<\/div>\n\n\n\n<div class=\"wp-block-column is-layout-flow wp-block-column-is-layout-flow\">\n<figure class=\"wp-block-image size-large is-resized\"><img loading=\"lazy\" decoding=\"async\" src=\"https:\/\/shakakiteschool.com\/wp-content\/uploads\/2022\/06\/280768117_530752038760757_7254651226258915795_n-3-768x1024.jpg\" alt=\"\" class=\"wp-image-355\" width=\"433\" height=\"577\" srcset=\"https:\/\/shakakiteschool.com\/wp-content\/uploads\/2022\/06\/280768117_530752038760757_7254651226258915795_n-3-768x1024.jpg 768w, https:\/\/shakakiteschool.com\/wp-content\/uploads\/2022\/06\/280768117_530752038760757_7254651226258915795_n-3-225x300.jpg 225w, https:\/\/shakakiteschool.com\/wp-content\/uploads\/2022\/06\/280768117_530752038760757_7254651226258915795_n-3-1152x1536.jpg 1152w, https:\/\/shakakiteschool.com\/wp-content\/uploads\/2022\/06\/280768117_530752038760757_7254651226258915795_n-3-1536x2048.jpg 1536w, https:\/\/shakakiteschool.com\/wp-content\/uploads\/2022\/06\/280768117_530752038760757_7254651226258915795_n-3-scaled.jpg 1920w\" sizes=\"auto, (max-width: 433px) 100vw, 433px\" \/><\/figure>\n<\/div>\n<\/div>\n\n\n\n<div class=\"wp-block-columns is-layout-flex wp-container-core-columns-is-layout-28f84493 wp-block-columns-is-layout-flex\">\n<div class=\"wp-block-column is-layout-flow wp-block-column-is-layout-flow\" style=\"flex-basis:100%\">\n<h3 class=\"wp-block-heading\">Contactez Bertrand au 0663205979<\/h3>\n<\/div>\n<\/div>\n\n\n\n<p><a href=\"https:\/\/www.airbnb.fr\/rooms\/595579785097804221?adults=1&amp;s=39&amp;unique_share_id=CE332EC4-B705-4BCA-B0AC-4AC4715D884E&amp;_branch_referrer=H4sIAAAAAAAAA8soKSkottLXT0zKS9LLTdV3NvWINAkzTTIsTAIAsCcArBsAAAA%3D&amp;_branch_match_id=1067471907188769399&amp;source_impression_id=p3_1655743399_U3arICak7zXz9Y6b&amp;fbclid=IwAR2I4z-2Nr1Uu8djdpoMF1IPshIKKxHhYVbffjl5aOayVZdq4A47txmWtbw\">maison ind\u00e9pendante \u00e0 la campagne &#8211; Villas \u00e0 louer \u00e0 Carly, Hauts-de-France, France &#8211; Airbnb<\/a><\/p>\n\n\n\n<h2 class=\"wp-block-heading\">&#8211;<strong>Appartement 6 voyageurs 2 chambres.<\/strong><\/h2>\n\n\n\n<p><strong>Un appartement pleine ville  \u00e0 10 minutes de Shakakiteschool<\/strong><\/p>\n\n\n\n<p>appartement triplex plein centre ville avec grande cuisine americaine avec plaque vitroceramique four micro onde cafeti\u00e8re grille pain &#8230;..<br>salon en mezzanine avec canape clic clac salon chaine hifi , salle de bain avec douche , wc , 2 chambres, piece d eau avec machine a laver et n\u00e9cessaire de repassage<br>Place de parking privative<\/p>\n\n\n\n<div class=\"wp-block-columns is-layout-flex wp-container-core-columns-is-layout-28f84493 wp-block-columns-is-layout-flex\">\n<div class=\"wp-block-column is-layout-flow wp-block-column-is-layout-flow\">\n<figure class=\"wp-block-image size-large\"><img loading=\"lazy\" decoding=\"async\" width=\"768\" height=\"1024\" src=\"https:\/\/shakakiteschool.com\/wp-content\/uploads\/2022\/06\/288404251_1214593569277188_7071361104255558385_n-3-768x1024.jpg\" alt=\"\" class=\"wp-image-365\" srcset=\"https:\/\/shakakiteschool.com\/wp-content\/uploads\/2022\/06\/288404251_1214593569277188_7071361104255558385_n-3-768x1024.jpg 768w, https:\/\/shakakiteschool.com\/wp-content\/uploads\/2022\/06\/288404251_1214593569277188_7071361104255558385_n-3-225x300.jpg 225w, https:\/\/shakakiteschool.com\/wp-content\/uploads\/2022\/06\/288404251_1214593569277188_7071361104255558385_n-3-1152x1536.jpg 1152w, https:\/\/shakakiteschool.com\/wp-content\/uploads\/2022\/06\/288404251_1214593569277188_7071361104255558385_n-3-1536x2048.jpg 1536w, https:\/\/shakakiteschool.com\/wp-content\/uploads\/2022\/06\/288404251_1214593569277188_7071361104255558385_n-3-scaled.jpg 1920w\" sizes=\"auto, (max-width: 768px) 100vw, 768px\" \/><\/figure>\n<\/div>\n\n\n\n<div class=\"wp-block-column is-layout-flow wp-block-column-is-layout-flow\">\n<figure class=\"wp-block-image size-large\"><img loading=\"lazy\" decoding=\"async\" width=\"768\" height=\"1024\" src=\"https:\/\/shakakiteschool.com\/wp-content\/uploads\/2022\/06\/288925785_561034068897545_7519276840170544668_n-1-768x1024.jpg\" alt=\"\" class=\"wp-image-361\" srcset=\"https:\/\/shakakiteschool.com\/wp-content\/uploads\/2022\/06\/288925785_561034068897545_7519276840170544668_n-1-768x1024.jpg 768w, https:\/\/shakakiteschool.com\/wp-content\/uploads\/2022\/06\/288925785_561034068897545_7519276840170544668_n-1-225x300.jpg 225w, https:\/\/shakakiteschool.com\/wp-content\/uploads\/2022\/06\/288925785_561034068897545_7519276840170544668_n-1-1152x1536.jpg 1152w, https:\/\/shakakiteschool.com\/wp-content\/uploads\/2022\/06\/288925785_561034068897545_7519276840170544668_n-1-1536x2048.jpg 1536w, https:\/\/shakakiteschool.com\/wp-content\/uploads\/2022\/06\/288925785_561034068897545_7519276840170544668_n-1-scaled.jpg 1920w\" sizes=\"auto, (max-width: 768px) 100vw, 768px\" \/><\/figure>\n<\/div>\n<\/div>\n\n\n\n<div class=\"wp-block-columns is-layout-flex wp-container-core-columns-is-layout-28f84493 wp-block-columns-is-layout-flex\">\n<div class=\"wp-block-column is-layout-flow wp-block-column-is-layout-flow\">\n<figure class=\"wp-block-image size-large\"><img loading=\"lazy\" decoding=\"async\" width=\"768\" height=\"1024\" src=\"https:\/\/shakakiteschool.com\/wp-content\/uploads\/2022\/06\/289565303_594544482090016_5671390877063466983_n-1-768x1024.jpg\" alt=\"\" class=\"wp-image-366\" srcset=\"https:\/\/shakakiteschool.com\/wp-content\/uploads\/2022\/06\/289565303_594544482090016_5671390877063466983_n-1-768x1024.jpg 768w, https:\/\/shakakiteschool.com\/wp-content\/uploads\/2022\/06\/289565303_594544482090016_5671390877063466983_n-1-225x300.jpg 225w, https:\/\/shakakiteschool.com\/wp-content\/uploads\/2022\/06\/289565303_594544482090016_5671390877063466983_n-1-1152x1536.jpg 1152w, https:\/\/shakakiteschool.com\/wp-content\/uploads\/2022\/06\/289565303_594544482090016_5671390877063466983_n-1-1536x2048.jpg 1536w, https:\/\/shakakiteschool.com\/wp-content\/uploads\/2022\/06\/289565303_594544482090016_5671390877063466983_n-1-scaled.jpg 1920w\" sizes=\"auto, (max-width: 768px) 100vw, 768px\" \/><\/figure>\n<\/div>\n\n\n\n<div class=\"wp-block-column is-layout-flow wp-block-column-is-layout-flow\">\n<figure class=\"wp-block-image size-large\"><img loading=\"lazy\" decoding=\"async\" width=\"768\" height=\"1024\" src=\"https:\/\/shakakiteschool.com\/wp-content\/uploads\/2022\/06\/288361170_4681343118633436_7887427263176146872_n-768x1024.jpg\" alt=\"\" class=\"wp-image-369\" srcset=\"https:\/\/shakakiteschool.com\/wp-content\/uploads\/2022\/06\/288361170_4681343118633436_7887427263176146872_n-768x1024.jpg 768w, https:\/\/shakakiteschool.com\/wp-content\/uploads\/2022\/06\/288361170_4681343118633436_7887427263176146872_n-225x300.jpg 225w, https:\/\/shakakiteschool.com\/wp-content\/uploads\/2022\/06\/288361170_4681343118633436_7887427263176146872_n-1152x1536.jpg 1152w, https:\/\/shakakiteschool.com\/wp-content\/uploads\/2022\/06\/288361170_4681343118633436_7887427263176146872_n-1536x2048.jpg 1536w, https:\/\/shakakiteschool.com\/wp-content\/uploads\/2022\/06\/288361170_4681343118633436_7887427263176146872_n-scaled.jpg 1920w\" sizes=\"auto, (max-width: 768px) 100vw, 768px\" \/><\/figure>\n<\/div>\n<\/div>\n\n\n\n<h3 class=\"wp-block-heading\">Contactez Bertrand au 0663205979<\/h3>\n\n\n\n<p><a href=\"https:\/\/www.airbnb.fr\/rooms\/32621134?source_impression_id=p3_1655744328_L%2FS6iNkCM1F928UA\">Triplex plein centre ville &#8211; Appartements \u00e0 louer \u00e0 Boulogne-sur-Mer, Hauts-de-France, France &#8211; Airbnb<\/a><\/p>\n\n\n\n<p><\/p>\n\n\n\n<p><\/p>\n\n\n\n<h2 class=\"wp-block-heading\">-Logement entier&nbsp;:&nbsp;Chez&nbsp;Nathalie 6 voyageurs 3 chambres<\/h2>\n\n\n\n<p>Situ\u00e9e dans le village de Wimille proche de Wimereux et sa jolie plage, notre maison paisible offre un s\u00e9jour d\u00e9tente pour toute la famille.La maison est compl\u00e8tement \u00e9quip\u00e9e et peut accueillir jusqu&rsquo;\u00e0 6 voyageurs :3 chambres ( 2 chambres avec 1 lit double,1 chambre avec 2 lits ), 1sdb+ douche,cuisine, salon- s\u00e9jour, jardin avec terrasse bien expos\u00e9s,2 places parking . Tout proche super march\u00e9 et \u00e0 10 minutes \u00e0 pieds de la digue et plage de Wimereux<\/p>\n\n\n\n<div class=\"wp-block-columns is-layout-flex wp-container-core-columns-is-layout-28f84493 wp-block-columns-is-layout-flex\">\n<div class=\"wp-block-column is-layout-flow wp-block-column-is-layout-flow\">\n<figure class=\"wp-block-image size-large\"><img loading=\"lazy\" decoding=\"async\" width=\"1024\" height=\"766\" src=\"https:\/\/shakakiteschool.com\/wp-content\/uploads\/2022\/08\/terrasse-2-1024x766.webp\" alt=\"\" class=\"wp-image-381\" srcset=\"https:\/\/shakakiteschool.com\/wp-content\/uploads\/2022\/08\/terrasse-2-1024x766.webp 1024w, https:\/\/shakakiteschool.com\/wp-content\/uploads\/2022\/08\/terrasse-2-300x225.webp 300w, https:\/\/shakakiteschool.com\/wp-content\/uploads\/2022\/08\/terrasse-2-768x575.webp 768w, https:\/\/shakakiteschool.com\/wp-content\/uploads\/2022\/08\/terrasse-2.webp 1200w\" sizes=\"auto, (max-width: 1024px) 100vw, 1024px\" \/><\/figure>\n<\/div>\n\n\n\n<div class=\"wp-block-column is-layout-flow wp-block-column-is-layout-flow\">\n<figure class=\"wp-block-image size-large\"><img loading=\"lazy\" decoding=\"async\" width=\"1024\" height=\"765\" src=\"https:\/\/shakakiteschool.com\/wp-content\/uploads\/2022\/08\/salon-1-1024x765.webp\" alt=\"\" class=\"wp-image-380\" srcset=\"https:\/\/shakakiteschool.com\/wp-content\/uploads\/2022\/08\/salon-1-1024x765.webp 1024w, https:\/\/shakakiteschool.com\/wp-content\/uploads\/2022\/08\/salon-1-300x224.webp 300w, https:\/\/shakakiteschool.com\/wp-content\/uploads\/2022\/08\/salon-1-768x574.webp 768w, https:\/\/shakakiteschool.com\/wp-content\/uploads\/2022\/08\/salon-1.webp 1200w\" sizes=\"auto, (max-width: 1024px) 100vw, 1024px\" \/><\/figure>\n<\/div>\n<\/div>\n\n\n\n<div class=\"wp-block-columns is-layout-flex wp-container-core-columns-is-layout-28f84493 wp-block-columns-is-layout-flex\">\n<div class=\"wp-block-column is-layout-flow wp-block-column-is-layout-flow\">\n<figure class=\"wp-block-image size-large\"><img loading=\"lazy\" decoding=\"async\" width=\"1024\" height=\"765\" src=\"https:\/\/shakakiteschool.com\/wp-content\/uploads\/2022\/08\/chambre3-1024x765.webp\" alt=\"\" class=\"wp-image-375\" srcset=\"https:\/\/shakakiteschool.com\/wp-content\/uploads\/2022\/08\/chambre3-1024x765.webp 1024w, https:\/\/shakakiteschool.com\/wp-content\/uploads\/2022\/08\/chambre3-300x224.webp 300w, https:\/\/shakakiteschool.com\/wp-content\/uploads\/2022\/08\/chambre3-768x574.webp 768w, https:\/\/shakakiteschool.com\/wp-content\/uploads\/2022\/08\/chambre3.webp 1200w\" sizes=\"auto, (max-width: 1024px) 100vw, 1024px\" \/><\/figure>\n<\/div>\n\n\n\n<div class=\"wp-block-column is-layout-flow wp-block-column-is-layout-flow\">\n<figure class=\"wp-block-image size-large\"><img loading=\"lazy\" decoding=\"async\" width=\"1024\" height=\"765\" src=\"https:\/\/shakakiteschool.com\/wp-content\/uploads\/2022\/08\/chambre1-1024x765.webp\" alt=\"\" class=\"wp-image-376\" srcset=\"https:\/\/shakakiteschool.com\/wp-content\/uploads\/2022\/08\/chambre1-1024x765.webp 1024w, https:\/\/shakakiteschool.com\/wp-content\/uploads\/2022\/08\/chambre1-300x224.webp 300w, https:\/\/shakakiteschool.com\/wp-content\/uploads\/2022\/08\/chambre1-768x574.webp 768w, https:\/\/shakakiteschool.com\/wp-content\/uploads\/2022\/08\/chambre1.webp 1200w\" sizes=\"auto, (max-width: 1024px) 100vw, 1024px\" \/><\/figure>\n<\/div>\n<\/div>\n\n\n\n<div class=\"wp-block-columns is-layout-flex wp-container-core-columns-is-layout-28f84493 wp-block-columns-is-layout-flex\">\n<div class=\"wp-block-column is-layout-flow wp-block-column-is-layout-flow\">\n<figure class=\"wp-block-image size-large\"><img loading=\"lazy\" decoding=\"async\" width=\"1024\" height=\"766\" src=\"https:\/\/shakakiteschool.com\/wp-content\/uploads\/2022\/08\/chambre2-1-1024x766.webp\" alt=\"\" class=\"wp-image-378\" srcset=\"https:\/\/shakakiteschool.com\/wp-content\/uploads\/2022\/08\/chambre2-1-1024x766.webp 1024w, https:\/\/shakakiteschool.com\/wp-content\/uploads\/2022\/08\/chambre2-1-300x225.webp 300w, https:\/\/shakakiteschool.com\/wp-content\/uploads\/2022\/08\/chambre2-1-768x575.webp 768w, https:\/\/shakakiteschool.com\/wp-content\/uploads\/2022\/08\/chambre2-1.webp 1200w\" sizes=\"auto, (max-width: 1024px) 100vw, 1024px\" \/><\/figure>\n<\/div>\n\n\n\n<div class=\"wp-block-column is-layout-flow wp-block-column-is-layout-flow\">\n<figure class=\"wp-block-image size-large\"><img loading=\"lazy\" decoding=\"async\" width=\"1024\" height=\"765\" src=\"https:\/\/shakakiteschool.com\/wp-content\/uploads\/2022\/08\/cuisine-1024x765.webp\" alt=\"\" class=\"wp-image-379\" srcset=\"https:\/\/shakakiteschool.com\/wp-content\/uploads\/2022\/08\/cuisine-1024x765.webp 1024w, https:\/\/shakakiteschool.com\/wp-content\/uploads\/2022\/08\/cuisine-300x224.webp 300w, https:\/\/shakakiteschool.com\/wp-content\/uploads\/2022\/08\/cuisine-768x574.webp 768w, https:\/\/shakakiteschool.com\/wp-content\/uploads\/2022\/08\/cuisine.webp 1200w\" sizes=\"auto, (max-width: 1024px) 100vw, 1024px\" \/><\/figure>\n<\/div>\n<\/div>\n\n\n\n<p><a href=\"https:\/\/www.airbnb.fr\/rooms\/689567342435667997?check_in=2022-08-25&amp;check_out=2022-08-28&amp;guests=1&amp;adults=1&amp;s=67&amp;unique_share_id=adb2a697-5bad-49a7-aa5e-3e0c59595277\">ici Pour r\u00e9server sur Airbnb<\/a><\/p>\n\n\n\n<h3 class=\"wp-block-heading\"><\/h3>\n\n\n\n<p><\/p>\n","protected":false},"excerpt":{"rendered":"<p>MAISON 6 VOYAGEURS CAMPAGNE 15 MIN SHAKAKITESCHOOL APPARTEMENT 6 VOYAGEURS VILLE 10 MIN SHAKAKITESCHOOL MAISON 6 VOYAGEURS MER 20 MIN SHAKAKITESCHOOL &#8211;Maison 6 voyageurs 3 chambres. Un endroit reposant \u00e0 15 minutes de Shakakiteschool Belle maison ind\u00e9pendante sur grand terrain \u00e0 la campagne dans un petit village paisible , Ce [&hellip;]<\/p>\n","protected":false},"author":1,"featured_media":0,"parent":0,"menu_order":0,"comment_status":"closed","ping_status":"closed","template":"","meta":{"_themeisle_gutenberg_block_has_review":false,"footnotes":""},"class_list":["post-332","page","type-page","status-publish","hentry"],"_links":{"self":[{"href":"https:\/\/shakakiteschool.com\/index.php\/wp-json\/wp\/v2\/pages\/332","targetHints":{"allow":["GET"]}}],"collection":[{"href":"https:\/\/shakakiteschool.com\/index.php\/wp-json\/wp\/v2\/pages"}],"about":[{"href":"https:\/\/shakakiteschool.com\/index.php\/wp-json\/wp\/v2\/types\/page"}],"author":[{"embeddable":true,"href":"https:\/\/shakakiteschool.com\/index.php\/wp-json\/wp\/v2\/users\/1"}],"replies":[{"embeddable":true,"href":"https:\/\/shakakiteschool.com\/index.php\/wp-json\/wp\/v2\/comments?post=332"}],"version-history":[{"count":9,"href":"https:\/\/shakakiteschool.com\/index.php\/wp-json\/wp\/v2\/pages\/332\/revisions"}],"predecessor-version":[{"id":385,"href":"https:\/\/shakakiteschool.com\/index.php\/wp-json\/wp\/v2\/pages\/332\/revisions\/385"}],"wp:attachment":[{"href":"https:\/\/shakakiteschool.com\/index.php\/wp-json\/wp\/v2\/media?parent=332"}],"curies":[{"name":"wp","href":"https:\/\/api.w.org\/{rel}","templated":true}]}}